is the highest common divisor of w and 38?
19
Let v = 40 - 26. Let p be 845/20 + 3/(-12). What is the highest common factor of v and p?
14
Let c(m) = 6*m**2 + 3*m - 3. Let l be c(-4). Suppose -2*b - 24 = -6*b - 3*j, -4*j - 43 = -3*b. What is the highest common divisor of b and l?
9
Let w(q) = q**3 - 4*q**2 + 4. Let p be w(4). Suppose -p*r = -2*r - 10. Calculate the greatest common factor of 5 and r.
5
Suppose 9*r - 105 = 6*r. Let j be (-2 + 5)*(r + 1). Calculate the greatest common divisor of j and 12.
12
Suppose 4*u + 8 = -3*o - o, 0 = 5*u - 3*o - 30. Suppose 61 = u*a - 95. What is the greatest common factor of 13 and a?
13
Let r be (6/5)/(40/300). What is the highest common divisor of 45 and r?
9
Let k = -66 + 120. Calculate the greatest common divisor of 18 and k.
18
Let z = 206 + -94. Calculate the highest common divisor of 16 and z.
16
Let c = 39 - -9. What is the highest common factor of c and 32?
16
Let z(d) = -d**3 + 7*d**2 - 5*d + 4. Let n be z(4). Suppose 182*p + 192 = 186*p. What is the greatest common divisor of p and n?
16
Suppose -2*k - 6 = -p + k, 5*p - 14 = -k. Suppose -y = y - 2*f - 114, 0 = p*f + 9. What is the greatest common divisor of 6 and y?
6
Suppose 2*i = 3*h + 90, -3*i + 5*h = h - 134. Suppose 4*x - j - 27 = -2*j, 0 = -5*x - 2*j + 36. Calculate the highest common factor of x and i.
6
Suppose -310 = -2*f - 4*g, 5*g - 40 - 271 = -2*f. Calculate the highest common factor of 17 and f.
17
Let j(i) = 3*i - 3. Let x be j(-8). Let t = -15 - x. Calculate the greatest common divisor of 4 and t.
4
Let k(a) = a**3 - 7*a**2 + 4*a + 9. Let b be k(7). Calculate the highest common factor of 407 and b.
37
Let f(w) = 4*w - 2. Let l(n) = -5*n + n**2 - 1 - 1 + 5. Let t(p) = 4*f(p) + 3*l(p). Let a be t(-2). Calculate the highest common divisor of 88 and a.
11
Let j(p) = 44*p**2 + p - 1. Let o be j(-1). Calculate the greatest common factor of 252 and o.
42
Let i be -2 + (-3 - -2*4). Let s(k) = 14*k - i*k - k - 5. Let o be s(6). Calculate the greatest common divisor of 11 and o.
11
Let l(n) = 20*n + 1. Let m be l(2). Suppose 0*j = -j - 5*z - 10, -5*z = 0. Let g be m/5 + 2/j. What is the highest common divisor of g and 8?
8
Let w be ((-5)/(50/35))/(2/(-12)). What is the highest common factor of 7 and w?
7
Suppose 4*z + 5*p = 72, -4*p + 5 = z - 6*p. Calculate the highest common divisor of 221 and z.
13
Let g be 5/(-20) + (-206)/8. Let d = g - -16. Let a = 16 + d. What is the highest common factor of a and 3?
3
Let f = -13 - -21. Let c(w) = 3*w**2 + 6*w**2 + 1 - 4 + 2. Let i be c(-1). Calculate the highest common factor of i and f.
8
Let v(s) = s + 7. Let a be v(-7). Let l be a + (-1)/(1/14). Let f = l - -26. Calculate the greatest common factor of f and 12.
12
Suppose 210 = x + 2*x. What is the highest common divisor of x and 14?
14
Let p be 225/(-15)*(-2)/6. Calculate the highest common factor of 55 and p.
5
Let o(c) = -c**2 + 7*c - 9. Let n be o(6). Let d be 3 + n + (-3 - -4). Calculate the greatest common factor of d and 3.
1
Let f be (-102)/(-12)*10/1. What is the highest common factor of f and 34?
17
Let a be (36/24)/(6/40). Let b(i) = -i**2 - 8*i - 6. Let g be b(-4). Calculate the highest common factor of a and g.
10
Let a be 2/(0 - -2) - 97. Let c = 295 - 431. Let x = a - c. What is the highest common divisor of 16 and x?
8
Suppose -3*m + 5*p - 4 = 0, -2*p = 2*m - p - 6. Suppose -5*f = -m*f - 12. What is the highest common factor of 32 and f?
4
Suppose 65 = 3*o + 2. What is the greatest common factor of o and 105?
21
Let b(q) = 2*q**3 + q**2 - 3*q + 1. Let w be b(3). What is the highest common factor of w and 22?
11
Let g = 7 - -45. What is the highest common factor of g and 13?
13
Suppose 0 = -7*l + 22 - 8. What is the greatest common divisor of 16 and l?
2
Suppose 5*i + 15 - 55 = 0. What is the highest common factor of 6 and i?
2
Let k(l) = 2*l**2 - 4*l - 9. Let a be k(8). Calculate the highest common divisor of 58 and a.
29
Suppose 0*y = -4*y. Suppose 1 = 5*n + 6, -2*o - n + 25 = y. Let t(q) = 24*q - 1. Let c be t(6). What is the highest common factor of c and o?
13
Let u = -29 - -61. Suppose -261*x + 268*x = 448. Calculate the greatest common divisor of x and u.
32
Suppose 3*x = -3 - 6. Let n be (x + 0)*-38 - -1. Calculate the highest common divisor of 23 and n.
23
Suppose 3*z = 5*z - 18. Let t be (z/3 + -1)*-4. Let a = t - -22. Calculate the highest common factor of 35 and a.
7
Let g be 20/(-5) - 0/1. Let u be 14/g*-10 + -1. What is the greatest common factor of u and 51?
17
Let d = 194 - 167. What is the highest common factor of 3 and d?
3
Suppose -4*m + 36 = -2*h, -8 = -3*m - 4*h + 30. Let y(r) = 3*r**3 - r**2 + 2*r + 2. Let u be y(3). Calculate the greatest common divisor of m and u.
10
Let r = -3 - -6. Let t = r - 1. Calculate the greatest common factor of t and 4.
2
Let k(t) = t**3 + 13*t**2 + 12*t + 2. Let z be k(-12). Suppose 3*b = -5*h + 21, 7*h + 14 = z*b + 2*h. What is the greatest common divisor of b and 35?
7
Let a = 13 + -8. Suppose 132 = 2*j + 4*c, -2*j - 2*j - a*c = -273. Suppose 5*o = 453 + j. Calculate the highest common divisor of o and 15.
15
Let h = -13 - -19. What is the highest common divisor of h and 54?
6
Suppose 0 = -2*r - 1 + 11. Let x(n) be the third derivative of n**4/12 - n**3/2 + 3*n**2. Let y be x(2). What is the greatest common divisor of r and y?
1
Let w = -5 - -5. Suppose w = -0*j + 4*j. Suppose j*r = -5*r + 30. Calculate the highest common factor of 3 and r.
3
Let g be 3/(27/(-15))*-3. Suppose -s = -g*s + 48. What is the highest common divisor of 24 and s?
12
Let n(x) = 69*x + 3. Let u(c) = -346*c - 15. Let d(g) = -11*n(g) - 2*u(g). Let r be d(-3). Calculate the highest common divisor of 22 and r.
22
Suppose -2 = c - 2*y, 0*c + 1 = -c + y. Suppose -4*b - f + 36 = c, 10 = -4*b + f + 54. What is the greatest common divisor of 4 and b?
2
Let q(z) = z**3 + 5*z**2 + z - 4. Let t be q(-3). Suppose -5*n + 5*l = -293 - 7, 260 = 5*n + 3*l. Calculate the greatest common factor of t and n.
11
Let s = -12 - -21. What is the greatest common divisor of s and 81?
9
Suppose -n = 2*i - 1, -i - 4*n + 22 = -2*i. Let v = i - -6. Suppose -h + v*h + 2*a = 26, -3*a = 2*h - 9. What is the highest common divisor of h and 18?
6
Suppose -6*n - 8 = -8*n. Let b be (n/(-2))/((-6)/174). Let h = b - 24. What is the highest common divisor of h and 85?
17
Let p(x) = 5*x - 2 + 3*x - 2*x. Let n = 6 - 4. Let r be p(n). What is the highest common divisor of 10 and r?
10
Let q = 121 - 99. What is the greatest common factor of 2 and q?
2
Let b be ((-4)/6)/(18/(-540)). What is the greatest common divisor of 30 and b?
10
Let l be (2 - -13)/((-6)/4). Let x(o) = -o - 3. Let p be x(l). What is the highest common divisor of 21 and p?
7
Suppose 180 = 7*b - 3*b. What is the greatest common divisor of b and 5?
5
Suppose 0 = 3*b - 3, 5*z - b = -6*b + 15. Calculate the greatest common factor of z and 14.
2
Let i(a) = 15*a**3 + 1. Let y = -3 + 1. Let z = -1 - y. Let q be i(z). Calculate the greatest common divisor of 16 and q.
16
Let u = 12 - -1. Suppose -5*i + 0*i = 4*c - 374, 2*c - 4*i = 174. Calculate the greatest common factor of c and u.
13
Let u be -36*(1 - (-26)/(-4)). What is the highest common factor of u and 22?
22
Let o(m) = m**2 + 5*m - 3. Let v be o(-4). Let a(d) = -3*d - 9. Let n be a(v). Calculate the greatest common factor of n and 3.
3
Suppose 5*a - 5*w = 140, -2*a - 3*a = 4*w - 95. What is the highest common divisor of 207 and a?
23
Suppose 0 = -5*p + 4*p - 4, -2*q + 3*p = -46. Calculate the greatest common divisor of 85 and q.
17
Suppose 2*l = -l + 3*n + 45, -51 = -3*l + 5*n. What is the greatest common divisor of l and 6?
6
Let x = 63 - 34. Suppose 2*m + 2*m - x = u, 5*u + 37 = 2*m. Let k = 22 - m. What is the greatest common divisor of 80 and k?
16
Let d = 11 - 4. Let a = -7 + d. Let g = 3 + a. What is the highest common divisor of 21 and g?
3
Let w(m) = -m**3 + 4*m**2 + 4. Let q be w(4). Let v(z) = 2*z**2 - 2*z + 1. Let o be v(q). Calculate the highest common divisor of 10 and o.
5
Let n = 14 - -2. Calculate the highest common factor of 2 and n.
2
Suppose -2*n + 3*n = -2. Let m be -1 + (n - 54/(-3)). What is the highest common factor of 60 and m?
15
Let y be (-8)/(-4) + (12 - 2 - -1). What is the greatest common factor o